{"id":26,"date":"2022-06-05T17:42:27","date_gmt":"2022-06-05T17:42:27","guid":{"rendered":"https:\/\/www.silmudesign.fi\/?page_id=26"},"modified":"2026-04-09T10:26:10","modified_gmt":"2026-04-09T10:26:10","slug":"tiedot","status":"publish","type":"page","link":"https:\/\/www.silmudesign.fi\/","title":{"rendered":"TIEDOT"},"content":{"rendered":"\n<pre class=\"wp-block-preformatted\">Mukava ett\u00e4 l\u00f6ysit sivuilleni! <br><br>Olen ihan pienest\u00e4 asti rakastanut erilaisia k\u00e4sit\u00f6it\u00e4 ja Silmu Designin perustin vuonna 2019, pitk\u00e4aikaisen haaveen tuloksena. <br><br>Silmu Designin tuotteet valmistuvat rakkaudesta k\u00e4sit\u00f6ihin. Innostun kovasti aina uusista jutuista, joten v\u00e4lill\u00e4 tuotteita voi olla hyvinkin erilaisilla tekniikoilla tehtyn\u00e4. Makramee ja erilaiset neulety\u00f6t ovat kuitenkin l\u00e4hinn\u00e4 syd\u00e4nt\u00e4ni, joten n\u00e4it\u00e4 tuotteita l\u00f6ytyy varmasti eniten. Tuotteet tulevat myyntiin pienin\u00e4 erin\u00e4. Jokainen tuote on tehty k\u00e4sity\u00f6n\u00e4, joten pieni\u00e4 eroavaisuuksia niist\u00e4 voi l\u00f6yty\u00e4. <br><br>Ja ei kun ostoksille :)<br><br>ps. verkkokauppa on valmistumassa, mutta hyvin hyvin hitaasti, siihen asti tilaukset voi tehd\u00e4 viestill\u00e4 yhteydenottokaavakkeella tai suoraan design.silmu@gmail.com<\/pre>\n\n\n\n<figure class=\"wp-block-image size-full\"><img decoding=\"async\" width=\"700\" height=\"933\" src=\"https:\/\/www.silmudesign.fi\/wp-content\/uploads\/2023\/03\/IMG_3259-1.jpg\" alt=\"\" class=\"wp-image-123\" srcset=\"https:\/\/www.silmudesign.fi\/wp-content\/uploads\/2023\/03\/IMG_3259-1.jpg 700w, https:\/\/www.silmudesign.fi\/wp-content\/uploads\/2023\/03\/IMG_3259-1-225x300.jpg 225w\" sizes=\"(max-width: 700px) 100vw, 700px\" \/><\/figure>\n","protected":false},"excerpt":{"rendered":"<p>Mukava ett\u00e4 l\u00f6ysit sivuilleni! Olen ihan pienest\u00e4 asti rakastanut erilaisia k\u00e4sit\u00f6it\u00e4 ja Silmu Designin perustin vuonna 2019, pitk\u00e4aikaisen haaveen tuloksena. Silmu Designin tuotteet valmistuvat rakkaudesta k\u00e4sit\u00f6ihin. Innostun kovasti aina uusista jutuista, joten v\u00e4lill\u00e4 tuotteita voi olla hyvinkin erilaisilla tekniikoilla tehtyn\u00e4. Makramee ja erilaiset neulety\u00f6t ovat kuitenkin l\u00e4hinn\u00e4 syd\u00e4nt\u00e4ni, joten n\u00e4it\u00e4 tuotteita l\u00f6ytyy varmasti eniten. Tuotteet &hellip; <\/p>\n<p class=\"link-more\"><a href=\"https:\/\/www.silmudesign.fi\/\" class=\"more-link\">Jatka lukemista<span class=\"screen-reader-text\"> &#8221;TIEDOT&#8221;<\/span><\/a><\/p>\n","protected":false},"author":1,"featured_media":0,"parent":0,"menu_order":0,"comment_status":"closed","ping_status":"closed","template":"","meta":{"footnotes":""},"class_list":["post-26","page","type-page","status-publish","hentry"],"jetpack_sharing_enabled":true,"_links":{"self":[{"href":"https:\/\/www.silmudesign.fi\/index.php\/wp-json\/wp\/v2\/pages\/26","targetHints":{"allow":["GET"]}}],"collection":[{"href":"https:\/\/www.silmudesign.fi\/index.php\/wp-json\/wp\/v2\/pages"}],"about":[{"href":"https:\/\/www.silmudesign.fi\/index.php\/wp-json\/wp\/v2\/types\/page"}],"author":[{"embeddable":true,"href":"https:\/\/www.silmudesign.fi\/index.php\/wp-json\/wp\/v2\/users\/1"}],"replies":[{"embeddable":true,"href":"https:\/\/www.silmudesign.fi\/index.php\/wp-json\/wp\/v2\/comments?post=26"}],"version-history":[{"count":5,"href":"https:\/\/www.silmudesign.fi\/index.php\/wp-json\/wp\/v2\/pages\/26\/revisions"}],"predecessor-version":[{"id":482,"href":"https:\/\/www.silmudesign.fi\/index.php\/wp-json\/wp\/v2\/pages\/26\/revisions\/482"}],"wp:attachment":[{"href":"https:\/\/www.silmudesign.fi\/index.php\/wp-json\/wp\/v2\/media?parent=26"}],"curies":[{"name":"wp","href":"https:\/\/api.w.org\/{rel}","templated":true}]}}